8) + (17 - 30)?
-8
What is the value of -7 + 7 + 2 + (3 - 1) + 4?
8
What is the value of (-1 - -15) + (-25 - -70 - 47)?
12
Evaluate -8 + (-20 - -7) + 9.
-12
Evaluate (-3 - -7) + -2 - (26 + -20 - -3).
-7
What is (5 - (3 - -7)) + -17 + 13?
-9
What is the value of (19 - (22 - 1)) + 4?
2
Evaluate (-70 - -64) + -1 + -2 - -4.
-5
What is the value of -2 + (-8 - (2 - 4) - (3 - 5))?
-6
Calculate (21 - 2) + (-3 - (10 + -4 - 5)).
15
What is -19 - -9 - (-7 + -3)?
0
Evaluate 0 + -3 + 8 + (-6 - -6) - 8.
-3
22 + (-51 + 18 - -13)
2
33 + -31 + -16 + -20
-34
Evaluate 11 - ((-12 - 7) + 17).
13
(-28 - -42) + 19 + -41
-8
31 + -3 + 322 + -361
-11
What is 10 + (-7 + -31 - -6) - (4 - 5)?
-21
What is 16 + -14 + (-43 - -44)?
3
Evaluate (25 - (30 + -19)) + -16.
-2
Calculate 10 + -1 - 2 - 2 - (97 - 85).
-7
What is the value of (10 + 1 + 2 - 7) + -10?
-4
What is 18 + -6 + -18 - -3?
-3
Calculate 19 + 1 - (-1 + -7 - (-20 - -11)).
19
What is the value of -4 - ((9 - 21) + 2)?
6
Evaluate 0 + 9 + 2 + 1 + (13 - 19).
6
Calculate 29 - (9 - 2) - 11.
11
What is the value of -36 - (-42 + 18) - -1?
-11
What is 14 + (8 - -29) + -30?
21
What is (-257 - -231) + (35 - -1)?
10
What is the value of 1 - 0 - (-52 - -12 - -29)?
12
What is the value of -44 - -33 - (-21 - 7)?
17
Evaluate -22 + (34 - 44 - -19).
-13
What is the value of 0 + 2 + -6 + 14 + -8 - 6?
-4
What is the value of 9 + (13 + -22 + 2 - -10)?
12
139 + -139 - (0 - -1) - (3 - 1)
-3
2 - ((10 - 25) + 32)
-15
Calculate (5 - (5 + -5 + 6 - -25)) + 8.
-18
Evaluate 2 - -37 - (76 + -33).
-4
What is the value of -2 + -2 - (-2 - (-2 - 2) - -2)?
-8
Evaluate (-1 - 1) + 5 + 5 + -12.
-4
Evaluate (-2 + 15 + -3 - 4) + (-3 - 0).
3
Calculate -1 + 6 - (-171 + 160).
16
(19 - 12) + (-9 - (-2 + -1)) + -28
-27
What is the value of 3 + (-4 - (2 + 0)) + 5 + -6?
-4
Evaluate 42 + -37 - (-3 - -2) - 24.
-18
What is (-2 - (-15 + 26)) + -6?
-19
-8 - (27 + -27 - (7 - -1))
0
53 - 53 - (0 + 39)
-39
What is -9 - (1 - 18 - -18 - 16)?
6
What is 1 + -11 + (11 - 21) - -2?
-18
What is -1 + 9 + -29 + (5 - (-8 - -11))?
-19
What is the value of (6 - 11) + 8 - (20 - 25)?
8
What is the value of -28 + -14 + 9 + 22?
-11
0 + -1 + (-27 - (-27 + 1))
-2
0 - (-6 - -7 - -4) - -3
-2
What is -7 + (-2 - (-2 + (-7 - -19)))?
-19
What is the value of 28 + (-6 + 11 - 16) - 5?
12
4 + (3 - (29 + -18)) + 1
-3
What is (10 - 7) + -13 + 37 + 1?
28
-5 + 3 - (-7 + (0 - -4) - -4)
-3
What is (55 - 72) + (-6 - -9)?
-14
What is the value of -16 + 27 + (7 - 9) - -16?
25
1 + (5 - 4) - (5 + 0) - 4
-7
(7 - 12) + (10 - (-33 + 4) - 10)
24
What is -9 - (-15 - (-3 - 22))?
-19
What is the value of -18 + 0 + -2 + 28?
8
What is (-1 - (-7 - 3)) + (22 - 16) + -7?
8
Calculate 30 + -17 + -3 - ((-2 - -6) + 3).
3
What is -3 - (12 + -26 - -12 - (-1 + 6))?
4
What is the value of 2 + (2 + 6 - (-9 + 7))?
12
(-98 - -103) + (2 - (-13 - (1 + -4)))
17
Calculate -19 + 17 + (1 - -10).
9
Evaluate (0 - 7) + 19 + -22 + 10 + 1.
1
What is (7 - -15) + -15 + -4?
3
What is (-48 - -43) + 0 + (1 - 0) + -2?
-6
Calculate 45 + -30 - (40 + (-20 - -8)).
-13
5 - (-2 + 1) - (28 - 40)
18
Evaluate (56 + -23 - 7) + -12.
14
What is the value of 35 + -13 + -33 + (-2 - -1 - -3)?
-9
Calculate (-14 - -23) + 19 - 15.
13
What is -153 - -158 - (-25 + 6)?
24
Evaluate 11 + (-4 - (17 - 8)).
-2
Calculate (-4 - 3) + -4 + 19 + 5 + -22.
-9
What is 9 + 2 + -6 + (13 - 40)?
-22
What is (8 - (-6 + 14)) + 0 + (1 - 12)?
-11
Calculate 13 + 5 + -26 + 1.
-7
What is (15 + -2 - 8) + 9?
14
Evaluate 10 + -8 - (-2 + 1 + 10 - 0).
-7
256 - 254 - (-1 + 5)
-2
What is -5 - (0 - (2 - (5 - 0) - 1))?
-9
Evaluate 11 + 6 + -40 + (-4 - -1 - -10).
-16
What is 2 + -4 + 202 + -192?
8
What is the value of -66 + 32 + -24 + 38?
-20
Evaluate (-53 - (9 - -5)) + 38.
-29
Evaluate (0 - -1) + 48 + -34 + -1 + -7.
7
What is -19 + -12 + 28 + -10 - -39?
26
-5 + (0 - -13) - (28 - 7)
-13
What is the value of 15 + -24 + 2 + -3 + 9 + -2?
-3
Evaluate 0 + 16 + -7 + -15.
-6
What is the value of -9 + 14 + 14 + -7?
12
13 - (-4 + (-9 + 15 - (1 + 0)))
12
Evaluate (-10 - 2 - 12) + 19.
-5
Evaluate 1655 + -1659 + (30 - 1).
25
What is -1 + -9 - (18 + -3 + -18) - -22?
15
What is (-1 - -21) + (-94 - -87) - 16?
-3
Evaluate 16 + 1 + (8 - 12) - (8 + -2).
7
Evaluate (3 - -3) + (-2 - (-4 + 10)).
-2
Calculate 2 + -3 - 5 - (14 + -28) - -8.
16
Calculate -23 + (-13 + 16 - 4) + 14.
-10
What is -10 + 6 - (46 + -85)?
35
Calculate 11 - (-6 - (-14 + 6 - 3)).
6
Evaluate 5 + (8 - (4 - (5 + 2)) - 10).
6
What is 0 - -17 - (-38 - -13 - -30)?
12
Calculate -646 - -643 - ((1 - 0) + -9).
5
Evaluate 2 - -31 - (87 + -28).
-26
Calculate (-26 - -1 - (312 + -310)) + (-2 - -1).
-28
8 - 23 - (-12 - -3)
-6
14 + 16 + -24 - (-1 - (2 - 16))
-7
Evaluate -10 + -4 + (16 - 2).
0
What is the value of (8 - 32) + 33 + (1 - -1)?
11
What is (4 + 18 - 31) + (0 - -10)?
1
What is (47 - (60 + -16)) + 29?
32
-13 - (-13 + (26 - 11))
-15
What is 36 + (19 - (61 - 33))?
27
Calculate (1 - (-17 - -9)) + 4.
13
Evaluate -2 - (15 - 7 - 10 - -6).
-6
Calculate 41 - (9 + 0) - (-1 - (-16 + 5)).
22
Evaluate 8 - ((16 - 30) + 6).
16
What is the value of -8 + -11 - (2 + -10)?
-11
Calculate -25 + 30 + (3 - (3 + 5)).
0
Evaluate 8 - (-12 + 13) - (2 + (-1 - -11)).
-5
Evaluate -8 - -1 - (6 + -13).
0
-1 + -22 + (-11 - -8) + 9
-17
Calculate 6 + -36 + 22 + (-2 - -4).
-6
-18 + -3 + 21 + -18 - (1 - -5)
-24
What is the value of -11 + (47 - 32) + 1 + 9?
14
1 + -20 + -1 - (-7 + 5 - 4)
-14
Calculate (4 - -8) + -9 + 2 - (4 + 1).
0
Calculate ((3 - -1) + -11 - (9 - 11)) + -5.
-10
Calculate 4 - ((1 - 0) + -24 + 27).
0
What is the value of -29 + 5 + (24 - 17)?
-17
Evaluate -2 + 1 + -13 + (-32 - -54).
8
What is 49 + (-32 + 25 - 18)?
24
What is the value of (-1 - (2 + 1 + -2)) + 140 + -149?
-11
What is the value of -5 + -22 + (-1 - -18)?
-10
What is 9 + 0 + (-24 - -10)?
-5
What is 7 + (-7 - (-14 + -2 + 11)) + 10?
15
Evaluate (-9 - -4 - (-12 - 1)) + 2 + -8.
2
Evaluate -16 + (-4 - (-3 + (-1 - 5) + 1)).
-12
What is 3 + -2 + (-12 - -23 - 16)?
-4
-18 + (-16 - -3 - (-23 - -4))
-12
What is the value of 0 + -17 + 10 + -18 + 0 + 11?
-14
(-7 - 0 - 2) + 6 - 1 - 4
-8
Calculate 19 + -19 + -3 + 13.
10
Evaluate (1 - 5 - (-22 - -10 - -13)) + 19.
14
What is 12 + -23 + 16 + (-16 - -3) + -9?
-17
25 + -33 - -26 - 15
3
1 + -6 - (156 + -147 + (-17 - 1))
4
Calculate (-4 - (7 + (2 - 8))) + -3.
-8
Evaluate 0 + -4 + (-11 - 1 - (-72 - -80)).
-24
Calculate 1 + -3 + (13 - 9) + (2 - 0).
4
What is -20 + -1 + 0 + -10?
-31
(36 + -41 - (-5 + -3)) + 5
8
((15 - 7) + -6 - -5) + (13 - 18)
2
What is (4 + -4 - 2 - -7) + -32?
-27
Evaluate (24 - (-12 + 23)) + 4 + -35.
-18
What is the value of -2 - ((-1 - -1) + (7 - (-7 - -10)))?
-6
7 - (-3 + -5 - (1 + 5 + -5))
16
What is (16 - (16 + -20)) + -25?
-5
What is 0 + 21 - (4 - 4) - (23 + -22)?
20
What is -30 + 68 + -38 - (1 - 0)?
-1
What is the value of (2 - (-1 + (7 - 10))) + -4?
2
(-11 - -32) + -72 + 49
-2
Calculate 1 + -79 + 36 + 17.
-25
What is 94 + -93 + (-8 - 1) + -1 + 8?
-1
What is 8 - (13 + -13 + 3)?
5
Evaluate 2 + -10 - (-6 + 24 + -18).
-8
Evaluate -26 - (6 + -15) - (55 - 56).
-16
What is -17 - (-9 + (-2 - -9)) - (0 + -9)?
-6
(-7 - -1) + -23 + 25 + (-10 - -27)
13
What is the value of (9 + -2 - 2 - (-6 + -3)) + 5?
19
What is 12 + (-26 - -26 - (10 + 2))?
0
0 + 45 + -41 + 1 + -2 - -11
14
What is -18 - (6 + -34) - 12?
-2
(-16 - (43 - 9)) + 19 - -4
-27
What is the value of -2 - (0 - 12) - (67 - 51)?
-6
Evaluate 31 - (23 - -27 - 31).
12
-13 + 2 - (75 - 84)
-2
12 + 3 + (4 - (4 - -5)) - 9
1
Evaluate 3 - 13 - (-26 + (5 - 8 - 9)).
28
What is the value of (22 - 40) + 14 - (-1 - -6)?
-9
What is 9 - (8 - 11 - -10 - 5)?
7
-7 - (3 - 14 - ((0 - -3) + 1))
8
What is the value of (-2 + -2 + 1 - -3) + (17 - 28)?
-11
What is the value of -2 - -9 - 0 - (32 + -17 + -3)?
-5
Evaluate (5 - 4) + (-59 - -78) + (0 - 3).
17
(0 + 9 - (-5 - -3 - -2)) + 1
10
-1 - ((1 - 2) + (3 - (-4 - -6)))
-1
-4 + -1 + -4 + -13 + 27 + -6
-1
What is 11 + 0 + -45 + 27 - (-1 - 20)?
14
Evaluate 4 - (-14 - -11) - (-8 - -7).
8
What is -10 + (3 + 1 - (11 + (10 - 26)))?
-1
Evaluate (1 - -3 - -9) + (68 - 89).
-8
What is the value of 17 - -1 - (-59 + 20 + 52)?
5
What is 2 + -9 + (7 - 10) - -9?
-1
What is 0 + -2 - (5 + -32 + 21)?
4
Evaluate -1 + (28 - 25) + 11.
13
What is the value of -5 + 4 + (9 - (8 + 6))?
-6
Calculate 26 + -40 + (23 - 2).
7
Wh